lue of 0 + -31 + -2358 + 2353?
-36
1 + -7 + (-23 - (-25 + 28) - 59)
-91
Evaluate -8 + (0 + (-2 - -4) + -9 + 9 - 46).
-52
-54 + -90 + 101 + -42
-85
What is the value of -8 - (92 + -64 + 51)?
-87
(-15 - (-4 + -12) - -95) + -31
65
Calculate 12 + (19 - (52 - 8)) + 46.
33
What is the value of 12 - (-5 - (-25 + -24))?
-32
What is the value of (-54 - -43) + 20 + -3 + 36 - -13?
55
Evaluate -32 - -11 - 16 - ((25 - 46) + 6).
-22
Calculate -136 - -2 - (-89 - -163 - 72).
-136
(0 + -4 - -1) + -3 + 24 - 16
2
What is (-4 - -15) + (-19 - 120) + (14 - 0) + -1?
-115
What is 2 + -7 + 53 - (-6 + (-4 - 0)) - 4?
54
Evaluate (1 - 0) + 25 - (57 - (-36 + 90)).
23
Evaluate (-48 - -17) + 37 - 32.
-26
Evaluate (-3181 - -3102) + (135 - 2).
54
What is (42 + -51 - 7 - (0 + -4)) + 25?
13
Evaluate (-4 + -6 + 14 - 6) + -9 + 5 - -20.
14
What is the value of 48 + 28 + -55 + -45?
-24
What is -71 + (63 - -184 - 87)?
89
((13 - 16) + 12 - 32) + 10 + (-13 - -86)
60
Evaluate 6 + -5 + 63 + 6 - (-9 + 5 - 6).
80
What is -32 - (71 - 68) - 27?
-62
Evaluate -48 - -70 - (1 + -7 + 3 - (25 + -30)).
20
What is the value of (12 - -2) + (-2 + -1 - -5 - 0)?
16
Evaluate 30 - (0 + 3 - (-18 + 12 + (21 - 12))).
30
What is the value of -70 + -33 + -35 + (75 - 34)?
-97
(-1 - -42 - ((-9 - -22) + 4 - 6)) + 6
36
What is 3 - 69 - (46 + -55 + 43)?
-100
61 + (-179 - (-78 - 40))
0
37 - (169 - 24 - 44)
-64
Evaluate 6 - (42 - 5) - (-387 + 409).
-53
(-377 - -374) + -3 + -59
-65
15 - (-68 + 61 + (4 - (2 - 7)))
13
(-68 - -57) + (6 + -14 + 2 - -4 - 24)
-37
Calculate 67 - (2 + -8 + 8 + 22 + -10).
53
Evaluate -31 + (19 - -3) - 38 - 36.
-83
What is the value of (-22 + -22 - 26) + (-5 + -3 - 12)?
-90
(39 - (-21 + 53)) + (-2 - (-4 + (-4 - -14)))
-1
What is 5 + -134 + (-414 - -400)?
-143
What is -50 - 41 - -66 - -121?
96
Evaluate 34 + (-7 - -25 - 35).
17
Calculate 86 + 78 + -158 + 105.
111
Calculate 44 + -92 + 40 + 14.
6
Evaluate -45 - (180 + -125 + 30).
-130
(-12881 - -12973) + (-22 - -1)
71
What is the value of 49 - 0 - (-15839 + 15825)?
63
Calculate (3 + -2 - 5) + (2 - (-40 - -18) - 29).
-9
-4 - (-42 + 97 - 91)
32
Evaluate -35 + -13 + 24 + -12.
-36
1 + 22 + -5 - (-392 + 374)
36
Calculate 5 + -5 + 10 - -18 - (0 - -10).
18
(-29 - 35) + (-11 - -10) + 25
-40
(-23 - 92) + -23 + 22 + (-8 - 2)
-126
What is the value of 1 + (22 + 56 - 151)?
-72
128 + -85 + -28 + (-1 - -2)
16
What is (-4 - (13 + -23)) + -21 - -58?
43
Evaluate -146 + 79 + 104 + -23.
14
Calculate -21 + 12 + 1 + -84 + 2 + -15.
-105
Evaluate -64 + -1977 + 1965 + (1 + 0 - -18).
-57
Calculate -54 + 15 + (1 - (-10 - (9 + -27))).
-46
19 + (-39 - (17 - 51) - 102)
-88
What is the value of (5 - (-18 - -13 - -11)) + 0 + -8 + 4?
-5
Evaluate (-7 - -2) + 0 - (-1 + 61 - (22 + -5)).
-48
Calculate 11 - -40 - (-234 + 240).
45
Calculate (307 - 303) + 8 + -3 + -30 + -74.
-95
What is 19 - 16 - (5 - (-2 + 1 - 0))?
-3
What is the value of (-2 - -7) + (1 - (7 + -3) - 12 - -17)?
7
What is the value of (0 + -5 - -1) + 83 + -21 + 41 + 25?
124
What is 26 - -10 - (0 - 4 - (-25 + 22))?
37
What is the value of 41 + (17 - (-11 - -14)) + -17 - 10?
28
What is the value of -112 + 182 + -80 - ((0 - -1) + 54) - 4?
-69
What is the value of -1 + -4 + -4 + 48 + -30 - (1 - 3)?
11
What is the value of 7 - (20 + -24 - (0 - 4)) - (202 + -122)?
-73
What is -23 + 29 + -29 - (-31 + 0)?
8
What is (-4 - (7 + -2)) + (-21 - (-85 - -17))?
38
What is -50 - 12 - 2 - (13 - -2 - 31)?
-48
(-12 - -3) + (-161 - -158 - (0 + (-57 - -4)))
41
What is the value of -40 + 7 + -9 + 15 + -48?
-75
What is 121 + -116 + (16 - 1) + 5 + -4 + -8?
13
Evaluate -69 + 70 - (-4 + 1 + -52 + (13 - 12)).
55
Calculate (-2 - (17 - 25)) + 34 - (-5 + -4).
49
What is the value of (39 - 42) + 15 + 0 + 2 + 33?
47
Calculate -22 + 20 + -4 + -2 + 0 + 52.
44
(1 + (-1 - -27) + 3 - (837 + -832)) + -2
23
Calculate 23 + 4 + -23 + 22 + -5 + -5.
16
What is the value of 8 - (7 - (1 - 12)) - -9?
-1
What is 31 + -41 + 7 + -13?
-16
What is the value of -7 + (91 - 75 - (-10 + 1)) + 1?
19
Calculate (-1124 - -1092) + (0 - -39).
7
Calculate -3768 + 3690 + 21 + 2.
-55
What is the value of (61 - 20 - 44) + -7 - -87?
77
Evaluate (-23 - (24 + -26)) + 30 + (-5 - -85).
89
What is 21 - (-15 - (14 + -11) - -34)?
5
What is the value of 2 - 0 - (36 + -62 - 5)?
33
What is the value of 0 + 51 + (150 - 267)?
-66
What is the value of 27 - (-46 - -103) - 24?
-54
What is the value of 32 + (62 - (-25 + 72)) + 39?
86
What is the value of (1 - -1 - -85) + -10482 + 10481?
86
What is the value of (-1 - 0) + 22 + (-135 - 68) + 158?
-24
Evaluate (-26 - 1) + 0 + (20728 - 20662).
39
What is 35 - (36 - -22) - (-3 - (3 + -1))?
-18
What is the value of 37 - (4 + (-21 - -47) + -15)?
22
What is the value of 63 + (-4 - (8 - 5)) + 1 - (-4 + 0)?
61
Calculate 32 + (-11 - 48) - (4 - 22) - (0 + -16).
7
What is 2 - -83 - (35 + -21 + 5 + -4)?
70
Calculate (-188 - -105 - -82) + -97.
-98
(-78 - -115) + -23 + 8 + -32
-10
Calculate 415 - 457 - (34 - (-1 + 3)).
-74
Evaluate (-1 - 7 - -15) + -8 + 17 + -3 + -30.
-17
54 - (-30 - -44) - 89
-49
Calculate -20 + (36 - 92 - -40).
-36
What is the value of 61 + (-1 - -1) + (24 - (-19 - -28)) + -29?
47
Calculate (1 - (-2 - 19)) + -7 + 212 + -198.
29
-41 - (7 - 47) - (8 + 13)
-22
Evaluate (60 - 45 - 20) + (27 - ((-1 - 3) + 3)).
23
-16 - (-9 + -24 + 1 + 52)
-36
Calculate 283 + -317 + 0 + -6.
-40
What is the value of (1 - 0) + -12 + (-4 - -9 - -13) - 14?
-7
5 - (-9 - 28 - -13)
29
Evaluate 22 + -13 + -1 + -10 - (-34 - 12).
44
Evaluate 38 - (-47 + 69 + -11).
27
Calculate 6 - (0 - (-8 - (-7 + -17))).
22
What is the value of 41 - (35 - (55 + -51))?
10
Calculate (52 - 1) + (-35 - (-71 - -47)).
40
Calculate -211 + 249 - (0 + -17 + 3).
52
Calculate 29 + (-93 - (-17 - (-4 - -14))).
-37
What is the value of 8 + 8 - (14 + (-52 - -43))?
11
What is the value of (-55 - -81) + -50 + 35?
11
Calculate 7 - ((-2 - -4) + -13 + 19) - (56 + 7).
-64
Calculate (-57 - (32 + -152)) + -143.
-80
What is 282 + -113 - 97 - -38?
110
Evaluate -45 + 4 - (-49 - (2 + -61)).
-51
What is 13 + -1 + (24 - 1 - (583 + -579))?
31
(9 - (6 + -10 + 12)) + -8 + 2 - 38
-43
Calculate -32 - (-39 - -15 - -23).
-31
What is (-1 - (-6 - -11)) + (14 - (-10 + 8 - -9))?
1
Calculate (57 - (-85 - -83)) + -100.
-41
What is (-459 - -459) + (100 - 9)?
91
Calculate (58 - (-68 - -77)) + -90.
-41
(364 - 369 - (-1 + 4 + -2)) + (39 - -1)
34
Calculate (11 + -4 - -17) + (3 - (0 - 4)).
31
Calculate 31 - (-10 - -28) - (60 + 0 + 1).
-48
What is the value of -69 + 125 + -57 - -63?
62
What is the value of (-7 - -9) + 7 + (33 - 44) - 32?
-34
Calculate 24 - 39 - (14 + -1) - -11.
-17
-100 + 6 + (107 - -26)
39
What is the value of -37 - -48 - (48 + 1 - (6 - (9 - -2)))?
-43
What is the value of (12 - -6) + (-23 - -11) + -46 + -12?
-52
What is -186 + 78 - -30 - (1 - (1 - 9 - -2))?
-85
What is 43 + (55 - 83) - (2 + 6) - (-1 - 0)?
8
Calculate -4665 + 4689 + -54 + 1.
-29
Evaluate -12 + 7 - (25 + -68 - (0 + 5)).
43
What is 50 - (73 - 47 - 32 - (-7 + 0 - -1))?
50
Calculate (5 - 2) + 9 + (58 - 91).
-21
What is 1 + -60 - (6030 + -6100)?
11
What is the value of -223 - -232 - ((0 - -9) + -49 + 28)?
21
What is (4 - (46 + -7 - -42)) + -13 + -2 + 2?
-90
What is the value of (-18 - (-22 - 9 - -13)) + -21?
-21
(1 - -16) + (-7 - 96 - -101) + -1 + 6
20
-390 - -394 - (47 - -1)
-44
-5 + 23 + -35 - (44 - 34)
-27
55 - (146 + -72 + -30)
11
What is -181 + 183 - ((0 - 0 - -4) + (-345 - -216))?
127
What is the value of -48 + (-49 - -70) + -37?
-64
What is -39 + 1 + 7020 + -6885?
97
Evaluate (-63 - -8) + 23 - -11.
-21
Evaluate 3 + -9 + 16 + -25 + (0 - -6).
-9
Evaluate (7 - (-7 - -1 - 54)) + (-8 - -13) + -8.
64
-20 - ((3 - 38) + 14)
1
Evaluate (11 - (-16 - -10)) + -23 - (57 + 3 - 1).
-65
What is -31 + (11 - -79) + -151?
-92
What is 65 + -2 + (25 - (-11 - -66))?
33
(0 - 40) + 436 + -398
-2
Evaluate 54 - (119 - (-109 + 99)).
-75
What is the value of -12 + 2 + (-17 - -7) + -23?
-43
Evaluate -34 + 41 + -112 + 87.
-18
6 + -1 + -28 + (50 - 19) + -1 + -40
-33
Evaluate -14 - 44 - (0 + -35 + 8 + 5).
-36
Evaluate 1 + (-9 - -2) - (327 + -317) - 5.
-21
Calculate -1027079 + 1027039 + 1 + 12 + (0 - 1).
-28
What is the value of 13 + -2 + (-100 - -108) + -15?
4
Evaluate (-17 - -26) + -32 - (-42 + -18).
37
Calculate 9 - (-1 - -18 - (-11 - (9 - (14 - -6)))).
-8
What is -3 + (-7 - -2 - -8